(-3)?
9
Let r(p) = 48*p**3 + 9*p**2 + 27*p + 5. What is r(-2)?
-397
Let f(c) = 144*c - 8211. Give f(57).
-3
Let p(j) = -j**3 + 6*j**2 + 15*j - 55. Calculate p(7).
1
Let k(d) = -2*d**2 + 29*d + 524. Give k(-11).
-37
Let j(t) = 8*t - 12. Give j(-6).
-60
Let b(s) = -3*s**3 + 108*s**2 - 9*s + 153. Calculate b(36).
-171
Let h(x) = -18*x + 89. What is h(5)?
-1
Let m(f) = -30*f**2 - 237*f + 108. Determine m(-8).
84
Let o(a) = 70*a - 82. Determine o(7).
408
Let q(b) = -b**2 + 15*b - 11. Calculate q(28).
-375
Let k(l) = -360*l + 2527. Determine k(7).
7
Let y(a) = a**3 + 12*a**2 - 93*a - 1019. Give y(-13).
21
Let d(p) = -98*p + 903. Determine d(9).
21
Let h(q) = 16*q**2 + 204*q - 49. Give h(-13).
3
Let l(x) = 2*x**2 - 243*x + 1738. What is l(7)?
135
Let r(l) = l**3 + 52*l**2 + 44*l - 364. Give r(-51).
-7
Let v(o) = -o**3 - 101*o**2 - 479*o + 123. Give v(-96).
27
Let d(z) = z**3 - 113*z**2 + 120*z - 904. Calculate d(112).
-8
Let o(b) = -1246*b**2 - 6236*b - 32. What is o(-5)?
-2
Let r(d) = -5032*d + 60384. Give r(12).
0
Let s(m) = -5*m**3 + 79*m**2 + 19*m - 91. Calculate s(16).
-43
Let r(f) = -f**2 + 9*f - 40. Determine r(6).
-22
Let j(z) = z**3 - 36*z**2 - 202*z - 140. What is j(41)?
-17
Let g(j) = 415*j**2 - 18*j - 20. Determine g(-1).
413
Let o(p) = -3*p**2 - 190*p - 961. Calculate o(-58).
-33
Let k(a) = -30*a + 116. Give k(5).
-34
Let a(m) = 2*m**3 + 43*m**2 - 26*m - 71. Calculate a(-22).
17
Let n(h) = h + 91. What is n(46)?
137
Let c(a) = -2*a**3 + 28*a**2 - 82*a + 3. Calculate c(4).
-5
Let o(r) = r**2 - 14. What is o(7)?
35
Let q(b) = b**3 + 41*b**2 - 44*b - 202. Calculate q(-42).
-118
Let y(b) = -b**3 + 12*b**2 - 4*b + 80. Determine y(12).
32
Let h(r) = -8*r**2 + 9*r - 41. Determine h(8).
-481
Let t(s) = 52*s**2 + 100*s + 102. What is t(-1)?
54
Let a(v) = -v**3 + 29*v**2 - 29*v + 26. Give a(28).
-2
Let o(j) = 39*j**3 - 391*j**2 + 14*j + 12. Calculate o(10).
52
Let p(a) = 11429*a + 80006. What is p(-7)?
3
Let u(d) = d**2 - 19*d - 130. What is u(-5)?
-10
Let t(k) = 78*k - 4907. Give t(63).
7
Let t(g) = -112*g - 5587. Determine t(-50).
13
Let f(c) = -67*c**2 + 672*c - 23. What is f(10)?
-3
Let h(r) = -115*r - 1005. Calculate h(-10).
145
Let h(a) = -370*a + 3333. Determine h(9).
3
Let r(i) = 66*i**2 - 16*i + 13. Determine r(1).
63
Let i(d) = 2*d**3 - 53*d**2 + 21*d + 71. Calculate i(26).
-59
Let n(s) = -s**3 + 23*s**2 + 265*s - 539. Calculate n(31).
-12
Let t(x) = 2*x**2 + 59*x + 68. Determine t(-27).
-67
Let r(n) = -23*n**3 + n**2 + 12*n - 12. What is r(1)?
-22
Let f(o) = o**3 + 35*o**2 + 4*o + 157. Give f(-35).
17
Let l(d) = 10*d**3 + 2*d**2 - 11*d - 43. Determine l(-3).
-262
Let v(f) = f**3 + 22*f**2 + 23*f - 44. Determine v(-21).
-86
Let m(n) = -120*n + 317. Determine m(3).
-43
Let o(t) = -5*t**2 - 112*t - 131. Give o(-21).
16
Let r(o) = 4*o**3 + 10*o**2 - 5*o + 3. Give r(-3).
0
Let a(y) = 22*y**2 + 19*y - 2. What is a(0)?
-2
Let x(b) = -b**3 + 11*b**2 + 42*b - 6. Give x(14).
-6
Let g(s) = -6*s**3 + 26*s**2 - 10. Determine g(5).
-110
Let z(c) = 50*c + 604. Determine z(-12).
4
Let q(w) = 4*w**2 - 109*w + 500. What is q(5)?
55
Let k(c) = -170*c - 316. What is k(-3)?
194
Let x(k) = -214*k - 2782. Determine x(-13).
0
Let t(m) = -33*m - 103. Give t(5).
-268
Let t(x) = 9*x**2 + 165*x + 253. Determine t(-17).
49
Let s(q) = q**2 + 96*q + 65. Determine s(-94).
-123
Let r(c) = 7*c**3 - 41*c**2 + 38*c - 215. Determine r(6).
49
Let s(d) = -d**3 - 70*d**2 - 267*d - 200. What is s(-66)?
-2
Let o(x) = 986*x + 20702. Calculate o(-21).
-4
Let j(c) = -50*c**2 + 340*c - 24. Determine j(7).
-94
Let z(v) = -v**3 + 9*v**2 - 8*v - 104. What is z(10)?
-284
Let k(s) = -s**2 + 5*s + 48. What is k(6)?
42
Let t(d) = -48*d - 621. Determine t(-13).
3
Let u(j) = j**2 + 16*j - 638. Determine u(18).
-26
Let s(a) = 2*a**2 + 20*a + 13. Determine s(-13).
91
Let n(j) = -2*j**2 - 31*j - 143. Give n(-8).
-23
Let o(v) = 27*v**2 - 65*v + 4. Determine o(4).
176
Let q(o) = o**3 - 87*o**2 + 622*o + 784. Calculate q(79).
-6
Let r(g) = -756*g - 2867. Determine r(-4).
157
Let m(r) = -2*r**2 + 46*r - 262. Calculate m(8).
-22
Let p(q) = q**3 - 5*q**2 - 5*q + 42. Determine p(4).
6
Let x(h) = -h**2 + h + 186. What is x(11)?
76
Let r(q) = -6*q**2 + 121*q - 345. Calculate r(16).
55
Let m(v) = -v**2 - 14*v - 75. Determine m(-12).
-51
Let s(a) = -231*a + 650. What is s(3)?
-43
Let g(q) = -144*q + 8580. What is g(60)?
-60
Let q(b) = -238*b + 1192. Determine q(5).
2
Let z(t) = 2*t**2 - 60*t - 118. Give z(32).
10
Let t(n) = -n**2 - 3*n + 31. Determine t(6).
-23
Let i(p) = -126*p - 864. What is i(-8)?
144
Let k(h) = 890*h + 8910. Determine k(-10).
10
Let y(n) = n**3 - 27*n**2 + 182*n - 25. What is y(13)?
-25
Let j(d) = -9*d**2 - 3*d + 7. Determine j(3).
-83
Let c(j) = j**2 + 56*j + 752. Calculate c(-33).
-7
Let c(k) = k**3 - 57*k**2 - 4437*k + 85. Determine c(-44).
-223
Let l(u) = 12*u - 352. Determine l(14).
-184
Let b(r) = r**3 + 21*r**2 + 13*r - 156. What is b(-20)?
-16
Let x(h) = 26*h + 1106. Determine x(-42).
14
Let m(l) = -26*l - 146. Calculate m(-6).
10
Let d(w) = 122*w - 30. What is d(2)?
214
Let x(t) = -1097*t + 5477. Determine x(5).
-8
Let h(u) = u**3 + 4*u**2 - 40*u - 191. Determine h(-6).
-23
Let q(t) = -57*t + 248. What is q(6)?
-94
Let l(y) = -y**3 + 3*y**2 + 31*y - 25. Calculate l(-5).
20
Let m(p) = -p**2 - 898*p + 46394. Give m(49).
-9
Let j(h) = -8*h - 98. What is j(-13)?
6
Let c(v) = v**2 - 154*v + 1331. What is c(144)?
-109
Let h(v) = -v**2 + 5*v - 17. Give h(3).
-11
Let g(i) = 4*i**2 - 99*i + 528. What is g(8)?
-8
Let s(h) = 2*h**2 - 101*h - 70. Calculate s(50).
-120
Let i(h) = -h**3 + 15*h**2 - 9*h + 57. What is i(15)?
-78
Let i(t) = -636*t - 5088. What is i(-8)?
0
Let u(b) = 57*b + 82. Give u(2).
196
Let b(j) = 90*j + 378. Determine b(-4).
18
Let p(z) = z**2 - 8*z - 67. What is p(10)?
-47
Let g(i) = 4*i**2 + 68*i + 39. Determine g(-18).
111
Let t(o) = 734*o - 10269. Give t(14).
7
Let g(a) = a**2 - 4841*a - 48526. Determine g(-10).
-16
Let x(f) = -f**3 - 11*f**2 - 82*f - 214. Give x(-4).
2
Let h(i) = -4*i**3 - 103*i**2 - 208*i - 6. Calculate h(-2).
30
Let b(q) = -41*q - 53. Determine b(-3).
70
Let y(b) = -18*b - 245. What is y(-13)?
-11
Let k(n) = n**3 + 14*n**2 + 36*n + 155. Calculate k(-12).
11
Let q(h) = h - 158. Calculate q(25).
-133
Let k(b) = -5*b**3 - 36*b**2 - 10*b - 13. Give k(-7).
8
Let u(r) = 2*r**2 - 51*r - 2598. What is u(51)?
3
Let u(h) = 2*h**3 - 23*h**2 + 11*h + 22. Determine u(11).
22
Let k(x) = x**2 + x - 43. Determine k(13).
139
Let a(v) = -3*v**3 - 7*v**2 + 2*v + 3. Give a(3).
-135
Let o(b) = -b**2 - 51*b + 2116. What is o(-78)?
10
Let x(a) = a**3 - 19*a**2 + 463*a - 9646. Give x(20).
14
Let w(g) = 2*g**3 + 24*g**2 - 28*g - 3. Determine w(-13).
23
Let n(y) = 2386*y + 9545. Determine n(-4).
1
Let a(u) = u**2 - 15*u - 1676. Calculate a(49).
-10
Let o(r) = 3*r**2 + 4510*r - 31708. Calculate o(7).
9
Let m(y) = y**3 - 2*y**2 - 126*y + 1. Determine m(-10).
61
Let q(f) = -3*f + 108. Calculate q(-5).
123
Let p(n) = -44*n - 13. Give p(-2).
75
Let v(n) = -1203*n - 219. Give v(-1).
984
Let r(w) = 1359*w + 1363. Determine r(-1).
4
Let c(p) = p**2 - 128*p + 3253. Give c(94).
57
Let h(z) = 138*z**3 - z**2 + z + 1. Give h(1).
139
Let k(o) = 14*o**2 + 27*o + 65. Determine k(-2).
67
Let p(q) = 2*q**2 + 99*q + 39. Determine p(-50).
89
Let v(b) = 36*b - 140. Give v(-6).
-356
Let o(u) = 7*u**2 + 963*u - 1933. What is o(2)?
21
Let d(x) = -x**3 + 6*x**2 - 7*x + 36. What is d(8)?
-148
Let s(t) = -46*t + 130. Give s(3).
-8
Let g(k) = -4*k**2 + 24*k - 42. What is g(2)?
-10
Let p(h) = 115*h - 2082. Determine p(18).
-12
Let u(f) = -3*f - 81. What is u(-5)?
-66
Let f(h) = -2*h**2 - 201*h + 1380. What is f(-107)?
-11
Let d(q) = -q**3 - q**2 + q + 14. What is d(3)?
-19
Let s(b) = b**2 + 52*b - 124. Calculate s(-49).
-271
Let s(d) = -2*d**3 - 35*d**2 + 110*d + 200. Determine s(-20).
0
Let j(i) = -12*i - 119. What is j(4)?
-167
Let z(x) = -8*x**3 - 3*x**2 - 10*x - 3. Give z(-2).
69
Let g(q) = q**2 - 2*q - 41. Calculate g(4).
-33
Let d(q) = q**3 + 4*q**2 - 227*q + 424. Determine d(12).
4
Let f(m) = -5*m**3 - 61*m**2 - 14*m - 61. What is f(-12)?
-37
Let n(j) = j**2 - 7*j + 6. Determine n(7).
6
Let v(o) = 481*o - 4. Determine v(0).
-4
Let m(g) = g**2 - 52*g + 86. Calculate m(37).
-469
Let a(j) 